{"id":58,"date":"2023-02-06T18:38:06","date_gmt":"2023-02-06T18:38:06","guid":{"rendered":"https:\/\/feuer-und-flamme-ulm.de\/?page_id=58"},"modified":"2023-02-06T19:46:47","modified_gmt":"2023-02-06T19:46:47","slug":"mesmerize","status":"publish","type":"page","link":"https:\/\/feuer-und-flamme-ulm.de\/","title":{"rendered":"Front Page"},"content":{"rendered":"<div  data-label=\"Content\" data-id=\"content--1\" data-export-id=\"content-12\" data-category=\"content\" class=\"content-12 content-section content-section-spacing\" id=\"content-1\" style=\"background-color: rgb(255, 255, 255);\"><div  class=\"gridContainer\"> <div  class=\"row text-center\"><div  class=\"section-title-col\" data-type=\"column\">  <p  class=\"lead\">Feuerk\u00fcnsterin und Tanzperfomerin Maya in Motion bietet Ihnen spektakul\u00e4re Shows.<br >&nbsp;Feuershows, UV- und LED Lichtshows mit Beamereffekten sowie Bauchtanzshows f\u00fcr Feiern jeglicher Art. \n<br ><br >Selbstverst\u00e4ndlich gehe ich auf Ihre speziellen W\u00fcnsche wie z.B. bestimmte Mottos oder Musikw\u00fcnsche ein.&nbsp;<\/p><\/div> <\/div> <div  class=\"row center-xs middle-xs\"> <div  class=\"col-sm-9\" data-type=\"column\"> <img decoding=\"async\"  class=\"shadow-large\" src=\"https:\/\/feuer-und-flamme-ulm.de\/wp-content\/uploads\/2023\/02\/Feuershow-Ulm-Hochzeits-Show-Hochzeitsshow-Geschenk-Hochzeit-Weihnachtsfeier-Sommerfest-5.jpg\" title=\"Feuershow Ulm Hochzeits Show, Hochzeitsshow, Geschenk Hochzeit, Weihnachtsfeier, Sommerfest (5)\" alt=\"Feuershow Ulm, Feuershow Augsburg, Hochzeitsshow\"><\/div> <\/div><\/div> <\/div><div data-label=\"About\" data-id=\"about--1\" data-export-id=\"about-1\" data-category=\"about\" class=\"about-1 content-section\" id=\"about-1\"  style=\"background-color: rgb(245, 250, 253);\"><div class=\"gridContainer\" > <div class=\"row text-center\" ><div class=\"section-title-col\" data-type=\"column\" >   <\/div> <\/div> <div class=\"row\" > <div class=\"button-holder space-bottom space-bottom-small\" data-type=\"column\" > <a class=\"button color1\" href=\"https:\/\/maya-in-motion.de\" target=\"_self\" data-cp-link=\"1\" rel=\"noopener\">HIER ENTLANG<\/a><\/div> <div class=\"col-xs bottom-xs flexbox image-group-bottom-3-img space-bottom-xs center-xs\" > <img decoding=\"async\" class=\"left-img shadow-large-black\" data-size=\"500x300\" src=\"https:\/\/feuer-und-flamme-ulm.de\/wp-content\/uploads\/2023\/02\/cropped-Bauchtanz-lernen-Ulm-scaled-1.jpg\"  title=\"Bauchtanz lernen Ulm\" alt=\"\"> <img decoding=\"async\" class=\"center-img shadow-large-black\" data-size=\"500x300\" src=\"https:\/\/feuer-und-flamme-ulm.de\/wp-content\/uploads\/2023\/02\/cropped-Feuershow-Ulm-Hochzeits-Show-Hochzeitsshow-Geschenk-Hochzeit-Weihnachtsfeier-Sommerfest-7.jpg\"  title=\"cropped-Feuershow-Ulm-Hochzeits-Show-Hochzeitsshow-Geschenk-Hochzeit-Weihnachtsfeier-Sommerfest-7.jpg\" alt=\"\"> <img decoding=\"async\" class=\"right-img shadow-large-black\" data-size=\"500x300\" src=\"https:\/\/feuer-und-flamme-ulm.de\/wp-content\/uploads\/2023\/02\/cropped-Bauchtanz-Hochzeit-Hennabend-scaled-1.jpg\"  title=\"Bauchtanz Hochzeit Hennabend\" alt=\"\"><\/div> <\/div><\/div> <\/div>","protected":false},"excerpt":{"rendered":"<p>Feuerk\u00fcnsterin und Tanzperfomerin Maya in Motion bietet Ihnen spektakul\u00e4re Shows.&nbsp;Feuershows, UV- und LED Lichtshows mit Beamereffekten sowie Bauchtanzshows f\u00fcr Feiern jeglicher Art. Selbstverst\u00e4ndlich gehe ich auf Ihre speziellen W\u00fcnsche wie z.B. bestimmte Mottos oder Musikw\u00fcnsche ein.&nbsp; HIER ENTLANG<\/p>\n","protected":false},"author":1,"featured_media":0,"parent":0,"menu_order":0,"comment_status":"closed","ping_status":"closed","template":"page-templates\/homepage.php","meta":[],"_links":{"self":[{"href":"https:\/\/feuer-und-flamme-ulm.de\/index.php?rest_route=\/wp\/v2\/pages\/58"}],"collection":[{"href":"https:\/\/feuer-und-flamme-ulm.de\/index.php?rest_route=\/wp\/v2\/pages"}],"about":[{"href":"https:\/\/feuer-und-flamme-ulm.de\/index.php?rest_route=\/wp\/v2\/types\/page"}],"author":[{"embeddable":true,"href":"https:\/\/feuer-und-flamme-ulm.de\/index.php?rest_route=\/wp\/v2\/users\/1"}],"replies":[{"embeddable":true,"href":"https:\/\/feuer-und-flamme-ulm.de\/index.php?rest_route=%2Fwp%2Fv2%2Fcomments&post=58"}],"version-history":[{"count":5,"href":"https:\/\/feuer-und-flamme-ulm.de\/index.php?rest_route=\/wp\/v2\/pages\/58\/revisions"}],"predecessor-version":[{"id":90,"href":"https:\/\/feuer-und-flamme-ulm.de\/index.php?rest_route=\/wp\/v2\/pages\/58\/revisions\/90"}],"wp:attachment":[{"href":"https:\/\/feuer-und-flamme-ulm.de\/index.php?rest_route=%2Fwp%2Fv2%2Fmedia&parent=58"}],"curies":[{"name":"wp","href":"https:\/\/api.w.org\/{rel}","templated":true}]}}